at is -165530 + -304?
-166134
In base 12, what is -2 + -2450710?
-2450712
In base 3, what is -10200022220110 - -101?
-10200022220002
In base 6, what is 3311 + -114350135?
-114342424
In base 7, what is -306 + -50505?
-51114
In base 10, what is -2695262 - -5?
-2695257
In base 10, what is -205 + 815470?
815265
In base 2, what is 10110110 + -11100111011000?
-11100100100010
In base 12, what is 15038 - 3639?
115bb
In base 13, what is 46 + 1a681a?
1a6863
In base 7, what is 13 + -100040643?
-100040630
In base 16, what is -a6ab6d - -5c?
-a6ab11
In base 11, what is -a053 + -107?
-a15a
In base 4, what is 10 + -220001223321?
-220001223311
In base 3, what is -1012121122121122101 + 12?
-1012121122121122012
In base 16, what is 47c - 2872?
-23f6
In base 15, what is a793be1 + -1?
a793be0
In base 4, what is 1123223 + 31123000?
32312223
In base 7, what is 106 - 5651334?
-5651225
In base 4, what is 33003131 + -30031?
32313100
In base 10, what is -36230 + -36?
-36266
In base 4, what is -1220032 + 101102?
-1112330
In base 13, what is 74168 + 133a?
754a5
In base 7, what is 1220566222 - 0?
1220566222
In base 5, what is 1112400031 - -223?
1112400304
In base 7, what is 526602036 + -2?
526602034
In base 9, what is -42570374 + 47?
-42570326
In base 10, what is -4 + 96607?
96603
In base 2, what is 1001001110110011110110110 - 10?
1001001110110011110110100
In base 15, what is 2226c908 + -1?
2226c907
In base 8, what is -112263163 - 3?
-112263166
In base 11, what is -39 + -18463386?
-18463414
In base 9, what is -6338 + -8184?
-15533
In base 10, what is 7779 + -14872?
-7093
In base 5, what is -2224433300 - 11?
-2224433311
In base 14, what is -68b - c29c?
-c949
In base 9, what is 615165 + 35?
615211
In base 6, what is 5 + 12233231332?
12233231341
In base 12, what is -1 - -5023794?
5023793
In base 13, what is 144b + -5606?
-4188
In base 15, what is -eb + -14ac6?
-14bc2
In base 13, what is -30324c - -13c?
-303110
In base 16, what is -2b101c + 2?
-2b101a
In base 7, what is 56 - 602236?
-602150
In base 7, what is 3335215 - -15?
3335233
In base 7, what is 62 + 464311?
464403
In base 14, what is 11 - -3ac1d7d?
3ac1d90
In base 14, what is -ab9105 + 5?
-ab9100
In base 11, what is 7971228 + 21?
7971249
In base 8, what is 43115562 - -4?
43115566
In base 5, what is 2 - -111014314?
111014321
In base 16, what is 600d4 + -14?
600c0
In base 10, what is 5959461 - 1?
5959460
In base 11, what is 54 - 2948a75?
-2948a21
In base 8, what is 17046037 - 4?
17046033
In base 7, what is 4 - 1311063444?
-1311063440
In base 2, what is 0 - -101100010001100111000100101?
101100010001100111000100101
In base 12, what is 111914 - 22?
1118b2
In base 14, what is 125 + -17c10?
-17ac9
In base 11, what is 139a6 - -1994?
1588a
In base 15, what is 3323859 - -3?
332385c
In base 5, what is 241022 - 1210402?
-414330
In base 11, what is 30 - -127aa9?
128029
In base 6, what is -3040 + 15332530?
15325450
In base 3, what is -21 - 22020202010?
-22020202101
In base 9, what is -48260342 - 0?
-48260342
In base 13, what is 2262 + 230?
2492
In base 12, what is 513ba + -1a2b?
4b58b
In base 14, what is 11 + -26725ca?
-26725b9
In base 13, what is 23962 - -89?
23a1b
In base 15, what is -a0970 - 3?
-a0973
In base 2, what is -1010110 - -11101000110011001000001?
11101000110010111101011
In base 6, what is -13510231 + 11?
-13510220
In base 6, what is 1 + 31151223453?
31151223454
In base 5, what is 112041241301 + 2?
112041241303
In base 8, what is 0 - 222162072?
-222162072
In base 16, what is 39a7 - -78?
3a1f
In base 14, what is 24 - -1880?
18a4
In base 13, what is ab - 690a?
-682c
In base 15, what is -188 - -28796?
2860d
In base 13, what is 659cbc6 - -1?
659cbc7
In base 16, what is 849 + 8cf?
1118
In base 3, what is 2201001221000 - 22?
2201001220201
In base 10, what is -703576 - 34?
-703610
In base 9, what is 7 + -4704083?
-4704075
In base 3, what is 12012012122002 + 11?
12012012122020
In base 12, what is 4 - -1290895a?
12908962
In base 10, what is 155 - -6429364?
6429519
In base 11, what is -5a1456a - -6?
-5a14564
In base 4, what is 111121123110 + 1?
111121123111
In base 10, what is -29 - 1154104?
-1154133
In base 4, what is 303001112 + 3220?
303010332
In base 9, what is -363646386 - -1?
-363646385
In base 9, what is -17 - -1402385?
1402367
In base 7, what is -464555225 - -4?
-464555221
In base 8, what is -20410 - -2016?
-16372
In base 13, what is 73175 - 83?
730c2
In base 7, what is 525 - 135246?
-134421
In base 9, what is 11713 + 138848?
151662
In base 7, what is 236255405 - -2?
236255410
In base 11, what is -4 + -22556872?
-22556876
In base 9, what is -533 - -4012543?
4012010
In base 15, what is -328c0 - -29?
-32896
In base 4, what is -23232 + 111110323?
111021031
In base 3, what is 11100221 + 100020011?
111121002
In base 12, what is -1 + -61b319?
-61b31a
In base 15, what is -34 + -5494b?
-54980
In base 12, what is -1573015 - 22a?
-1573243
In base 6, what is 3111 - -4455150?
4502301
In base 7, what is -322 + -3440662?
-3441314
In base 4, what is 3013212230 + 12020?
3013230310
In base 5, what is -1 - 213213434?
-213213440
In base 12, what is 326b17 - -13b?
327056
In base 8, what is 11171524103 - 0?
11171524103
In base 6, what is 124 + 4431054?
4431222
In base 16, what is -17 + 3632?
361b
In base 14, what is -2dcd894 + 5?
-2dcd88d
In base 2, what is -1101 + -1001111111101101101110?
-1001111111101101111011
In base 6, what is 5232240 - 24?
5232212
In base 16, what is 0 - 5563fb0?
-5563fb0
In base 13, what is -272028 - -3?
-272025
In base 15, what is -1a395 - -469?
-19e2b
In base 9, what is -2 - -31305730?
31305727
In base 6, what is 30 + 5043553?
5044023
In base 15, what is 55 - 100d80?
-100d2a
In base 11, what is -9 + 36167797?
36167789
In base 4, what is 1020 + -213211?
-212131
In base 2, what is -101 + 111000011101010000011?
111000011101001111110
In base 13, what is -840 + 2b15?
22a5
In base 15, what is 4 + bdb5c7?
bdb5cb
In base 2, what is -1110101 + -10110111111110100011?
-10111000000000011000
In base 7, what is -53336251 + 2?
-53336246
In base 12, what is 47 + 51a818?
51a863
In base 11, what is 5505886 - a?
5505877
In base 11, what is -1 - -348a929?
348a928
In base 10, what is -42792 + -2332?
-45124
In base 10, what is 631581091 - 4?
631581087
In base 5, what is -133230 - -4311420?
4123140
In base 8, what is -5 + -1307536?
-1307543
In base 9, what is -3082 - 1146?
-4238
In base 14, what is -1ab46 + -a5?
-1ac0b
In base 8, what is 125401 + 1020?
126421
In base 2, what is 101 + 1000101000010010011000?
1000101000010010011101
In base 14, what is -cc + -8b5?
-9a3
In base 8, what is 326 - 6230?
-5702
In base 4, what is 200233003111112 - -1?
200233003111113
In base 8, what is -23601 + -12561?
-36362
In base 6, what is -313 + 10531233?
10530520
In base 15, what is 303207 + -a6?
303151
In base 7, what is -42604046 - -33?
-42604013
In base 2, what is 11111110110010100011010111 + 110?
11111110110010100011011101
In base 4, what is -120233 - 1002110321?
-1002231220
In base 11, what is 2 + -1359584?
-1359582
In base 2, what is -1000011110101 + 100101011100011010?
100100011000100101
In base 6, what is 532153 - -4332?
540525
In base 16, what is -18 + -12a965?
-12a97d
In base 6, what is 1220302 - -103543?
1324245
In base 5, what is -14 - 34034324?
-34034343
In base 6, what is -2 + 50445043013?
50445043011
In base 7, what is -305661645 - -5?
-305661640
In base 15, what is 2d246 - 18?
2d22d
In base 8, what is -5 - 30233553?
-30233560
In base 4, what is -1 + 102101120200?
102101120133
In base 7, what is -12335 + -4634?
-20302
In base 5, what is 12 - 231012410?
-231012343
In base 16, what is -55ccc66 - -4?
-55ccc62
In base 8, what is 6214446 - 4?
6214442
In base 5, what is 21400234421 + -1?
21400234420
In base 10, what is 91266 - -32?
91298
In base 9, what is 10546 - 2447?
7088
In base 4, what is 103200200 + 31012?
103231212
In base 6, what is 4053402352 - 1?
4053402351
In base 9, what is -2115 - -30810?
27684
In base 13, what is a22 + -31c3?
-24a1
In base 9, what is 11621 + -136717?
-125086
In base 6, what is -3 + 45151320?
45151313
In base 5, what is 230423021424 + -4?
230423021420
In base 2, what is 11011010001011110110000010111 + -100?
11011010001011110110000010011
In base 9, what is 1255 - -2?
1257
In base 5, what is -4 + 211413132310?
2114131323